 1721*z + 7 + 11 + 18. Is i(5) prime?
True
Suppose 7*p - 2710 = 9197. Suppose -p = -19*t - 143. Is t composite?
True
Suppose -21793 = 246*y - 227*y. Suppose -5*t + 25694 = 7114. Let k = t + y. Is k a prime number?
False
Let r(l) = -13*l**2 + 5*l**2 + 4 - 3*l**3 + 2*l**3. Let a be r(-8). Suppose -2*t = 2*t - s - 1040, -a*t - s = -1032. Is t prime?
False
Suppose 204 = -5*o + 3*i, 16 + 173 = -5*o - 2*i. Let n be (191/2 + 2)*60/(-75). Is (442/o)/((-2)/n*-2) composite?
True
Suppose -144*u - 11254 = -145*u - 5*c, 45091 = 4*u + 5*c. Is u a composite number?
False
Suppose 38*l - 105 = 17*l. Suppose 0 = l*h - 8*h + 27249. Is h a composite number?
True
Suppose 0 = -5*a - a + 11*a. Suppose a = d - 3, -2242 = -5*h + d. Is h composite?
False
Let r = 7079 + -3180. Let s = 19920 + r. Is s a composite number?
False
Suppose 9*v - 2*x - 212801 = 6*v, 0 = 3*v - 5*x - 212786. Is v prime?
True
Suppose -5*v = 5*k - 2605, -3*k + 1588 = 3*v - 5*k. Suppose 2*y + 522 = 2*x, -11*x - 3*y - v = -13*x. Is x prime?
True
Let r = -133 - -129. Let v be 3/2 - (27/(-6) - r). Suppose 0 = -2*d - 2*l + 9700, -v*d + 143 = 3*l - 9554. Is d prime?
False
Suppose -1 - 65 = 3*o. Let f(u) = 25*u**2 - 24*u + 61. Is f(o) composite?
False
Let r = 1834 + -1854. Let t(u) be the first derivative of u**3/3 - u**2/2 - 49*u + 2. Is t(r) composite?
True
Suppose 187251 = 4*m + 3*v - 74149, 2*m - 3*v = 130718. Is m a composite number?
False
Let u = 602 - 603. Is 1840762/330 - u/(-15) a composite number?
True
Let l be 9566 - (-3 + (-2 + 2 - -4)). Suppose l = -67*r + 72*r. Is r composite?
False
Let d(k) = -47 + 23 + 20 + 20 - 2*k**2 + 3*k. Let c be d(6). Let u = c + 48. Is u a composite number?
True
Suppose -2*o = -q + 11, -o - 4*o + 10 = 5*q. Let u be (10 - 4)*o/(-6). Suppose -g = -x + 294, -u*g = g + 4. Is x composite?
False
Let h be 2*5/(-10) - 904. Suppose 0 = -4*l - 0*l + 3*b + 11, -3 = -3*l - 3*b. Is 5/50*5 - h/l a composite number?
True
Suppose 11*c = 6*c + 180925. Suppose 4*y + 3957 = c. Is y prime?
False
Let h = -278077 + 1162218. Is h prime?
False
Suppose 8197 = -3*l + 4*l. Suppose -1781 - 4767 = -4*w + 4*k, 5*w + k = l. Is w composite?
True
Let s(h) = 74*h**3 + 12*h**2 + 17*h - 9. Let k be s(10). Is (-1 - 7)/(-2) - k/(-31) a prime number?
False
Let c(l) = 5*l**2 + 18*l - 39. Let m be (-52)/(-156) + 65/3. Is c(m) composite?
False
Let z = 441 - 441. Suppose 0*m = -m - 2, 3*k - 2*m - 20005 = z. Is k prime?
False
Let w(g) = 262*g**2 - 21 - 18 - 18 + 58. Let h(v) = -v**3 + 7*v**2 - 5*v - 7. Let o be h(6). Is w(o) a composite number?
False
Let q = -10307 + 19014. Is q a prime number?
True
Let m = 82 + -73. Is -8 + m + -10 + 27742 composite?
False
Suppose 6 = 3*p - h - 2*h, 12 = 3*p + 3*h. Suppose g = p*v + 8453, 0 = 3*g + 2*v - 14030 - 11373. Is g composite?
True
Let k(w) = -8*w**3 + 33*w**2 + 21*w + 223. Is k(-14) a prime number?
True
Let z(x) = -x**3 + 51*x**2 - 14*x + 1101. Is z(36) a prime number?
False
Let v(x) = x**3 - x**2 + x - 37372. Let m be v(0). Let y be m/(-16) + (-9)/12. Suppose -5*r = -0*r - y. Is r prime?
True
Let b(g) be the first derivative of -39*g**5/20 - g**3 - g**2/2 + g + 28. Let t(x) be the first derivative of b(x). Is t(-4) a prime number?
False
Suppose -34*q = 29*q - 941283. Is q a prime number?
False
Let z = 3958 + -3932. Let h be 1256/6*6/2. Suppose -22*f - h = -z*f. Is f a composite number?
False
Let l be (984/16)/(87/(-96) + 1). Suppose -3*t + l = -1093. Is 1/((-2914)/t + 5) a prime number?
False
Let f(a) = a**3 - 10*a**2 - 8*a - 33. Let w be f(11). Suppose w = -r + 17*r - 254032. Is r a composite number?
False
Let o(u) be the third derivative of 17*u**5/20 + 5*u**4/12 - 19*u**3/6 - 4*u**2. Let y be 13*8/(-18) + 18/(-81). Is o(y) prime?
False
Let l be -2*(2 + (-7 - -1)). Suppose -4 = g - l. Is 3 - (-424 + g + 4) composite?
False
Suppose 30 = -23*a + 122. Suppose p + 1187 = b + 3*p, -2*b + a*p = -2398. Is b composite?
False
Let d = -182 + 185. Suppose d*m = 1255 + 1928. Is m a composite number?
False
Suppose 820*r - 803*r - 1853 = 0. Is r composite?
False
Suppose -4 = -k - 0*k + 2*u, 4*u = 0. Suppose 0 = -3*g - f - f + 2, k*f = -3*g - 8. Suppose 4*i - 1187 = -z, -2319 = -2*z - g*i + 7*i. Is z a prime number?
False
Suppose 115 = -19*x + 571. Let g(z) = -z**3 + 27*z**2 - 30*z - 41. Is g(x) a composite number?
False
Let w = 66589 + -40296. Is w a composite number?
False
Let p(t) = 20*t**2 - t. Let h be p(1). Let v = -23 + h. Is (-763)/(-2) + (-2)/v a prime number?
False
Suppose -19*h + 51888 = -63119. Let l = -2222 + h. Is l a prime number?
False
Let i(h) be the first derivative of 17*h**3/3 - 8*h**2 + h - 460. Let k = -22 - -36. Is i(k) prime?
True
Suppose 4*r - r - 12 = 0. Let b(v) = 12*v + 110. Let c be b(-9). Suppose -c*n + r*q = -1674, 0 = -3*n - 4*q - 10 + 2541. Is n prime?
False
Let w be 3/9*-4*12. Let k(d) = -5*d**3 - 20*d**2 + 15*d - 25. Let v(x) = -9*x**3 - 41*x**2 + 29*x - 47. Let p(a) = 7*k(a) - 4*v(a). Is p(w) prime?
True
Let n = 19 + -14. Let m(r) = -r**2 + 2*r - 6. Let o be m(n). Let d(q) = 2*q**2 + 7*q + 50. Is d(o) composite?
True
Let i = -131603 + 327216. Is i composite?
True
Let v = 123253 - 42020. Is v a prime number?
True
Let b(r) = 393*r - 30. Let o(y) = -98*y + 7. Let j(a) = -2*b(a) - 9*o(a). Is j(15) composite?
True
Let f = -14426 - -20273. Suppose 14 = 4*z - 2. Suppose -d + z*d - f = 0. Is d a prime number?
True
Let u(z) = -90*z**2 - 2*z - 9. Let m(p) = -1. Let f(n) = 4*m(n) - u(n). Suppose -5*i - 8 - 2 = 0. Is f(i) composite?
True
Let f = 8434 + -11979. Let a = -2000 - f. Suppose -g - l + 14 + a = 0, -g = -5*l - 1559. Is g a prime number?
True
Let d = 50451 - 10328. Is d a prime number?
True
Let v be (-4 + 0 + 0)/1. Suppose -29 = -4*x - i - 32, 2*x = -5*i + 21. Is x/(3584/19954 - v/(-22)) a composite number?
False
Suppose -3*c + 52920 = 42*c. Suppose -11*i = -683 - c. Is i composite?
True
Let p = -122 - -118. Let h be 0/p + -5 + 7. Suppose -35871 = -9*q - h*q. Is q composite?
True
Suppose -2*g - 2*b = -1356344, 37*g + 3390876 = 42*g - 11*b. Is g composite?
True
Let u = 32 + -22. Let d(m) = -m**3 - 2*m**2 + 37*m + 25. Let a be d(-7). Suppose -a*y + 481 = -u*y. Is y prime?
False
Suppose 3*g + 4*p = 6*g - 6, 4*g + 2*p - 8 = 0. Is ((-3)/(36/8))/(g/(-8331)) prime?
True
Suppose 945706 = x + 5*m, 23*m - 21*m = -2*x + 1891404. Is x composite?
False
Suppose -3*j - 568611 = -3*z, -8*z = -7*z - 2*j - 189537. Is z a composite number?
True
Let g be (44/12)/(-1 + (-6060)/(-6057)). Suppose -18*l = -g - 4135. Is l a composite number?
False
Let d be 3/(-4) - 10/(200/9065). Let y(m) = 142*m**3 + 3*m**2 - 3*m + 3. Let q be y(2). Let b = q + d. Is b a composite number?
False
Let n(t) = -943*t - 29. Let b(j) = -3*j**3 + j**2 - 6*j + 4. Let r be b(1). Is n(r) a prime number?
False
Is 4999608/104 - 2/13 prime?
True
Suppose -376552 - 2059056 = -16*a + 3491800. Is a a composite number?
False
Suppose -2*p - 10 = 0, p + 8199 = -2*m - 7798. Let g = 13769 + m. Is g a prime number?
False
Suppose -18*w + 111338 - 31400 = 0. Is w composite?
False
Let h be (9 - 82/10)*(-10)/4. Let t(b) = -87*b**3 - b**2 + 2*b - 3. Is t(h) a composite number?
True
Let z(f) = -53956*f**3 + 8*f**2 + 24*f + 17. Is z(-1) composite?
True
Let d be 3*8*(8 - -1676). Suppose 13380 = -18*c + d. Is c a prime number?
False
Let r(i) = 22*i + 181. Let a be r(-8). Suppose 2*v = -0*v + a*t + 3684, -3*v - 4*t = -5549. Is v a composite number?
False
Let v(r) = 67*r + 216. Suppose -5*x - 65 = -5*l, 0 = l - 4*x + x - 13. Is v(l) composite?
False
Let y(l) be the third derivative of -257*l**6/40 - l**5/60 - l**4/24 + 283*l**2. Let n be (1/(-3))/(1/3). Is y(n) prime?
False
Let s(o) be the third derivative of -659*o**5/120 + o**4/24 + 5*o**3 - 30*o**2. Let k(a) be the first derivative of s(a). Is k(-2) composite?
False
Let u = 2683666 - 1342150. Suppose -39*d = 5*d - u. Is d a composite number?
True
Let v be 126/(-52)*-2 - (-52)/338. Suppose 15 = -v*f, -33*d + 35*d - 5*f = 152077. Is d a prime number?
True
Suppose 19 = b + 3*l, -6*l + 2*l + 20 = 0. Let j = 3 - b. Let r(n) = -15*n - 2. Is r(j) prime?
True
Suppose 0 = 4*j + 2*d - 16, 2*j + 3*d - 5 - 11 = 0. Suppose 2*z = -o - 1462, 0*o - 4418 = 3*o - j*z. Let a = -115 - o. Is a a composite number?
True
Let i(k) = -k**3 + 121*k**2 + 148*k - 89. Is i(117) composite?
Fa